5 - u. List the prime factors of r.
5, 13
Let y = -39 - -18. What are the prime factors of (81/(-12))/(y/112)?
2, 3
Suppose -68*f + 101*f - 2805 = 0. What are the prime factors of f?
5, 17
Let w(m) = m**2 + 2*m - 7. Suppose 5*o + 11 = -v, -8 = -v - 4*v - 4*o. Suppose -5*b + 45 = -v*d + 9*d, 3*b - 2 = 2*d. List the prime factors of w(d).
2, 7
Suppose 115*x - 123*x = -15560. List the prime factors of x.
5, 389
Suppose 2*a + 145 = 2*u - 467, -3*u + 3 = 0. Let w = a - -614. What are the prime factors of w?
3, 103
List the prime factors of -2 - (2 - -99)/(-1).
3, 11
What are the prime factors of ((-119)/(-2))/((-684)/(-48) - 14)?
2, 7, 17
Suppose -3*t - 189 = 4*s - 10, t - 5*s + 47 = 0. Let h = 111 + t. List the prime factors of h.
2, 3
Let x be 22/(1/5 + (-16)/(-20)). Suppose -4172 = -x*p + 1856. List the prime factors of p.
2, 137
Suppose 7*m + 2*m - 720 = 0. Let a = m - -25. What are the prime factors of a?
3, 5, 7
Let v(j) = j**3 - 18*j**2 + 15*j + 36. Let i be v(17). Suppose q - 2*q = 0. Suppose s + 22 = -5*p, i*s + q - 16 = 2*p. List the prime factors of s.
3
Let i(z) = 4*z**3 + z**2. Let o be i(2). Let g(u) = -13*u + 40. Let n be g(2). Suppose -o = n*d - 17*d. List the prime factors of d.
2, 3
Let s = 221 + 194. Suppose -s = 4*u + 3*c, -4*c = -u - 67 - 32. What are the prime factors of (-4)/(-14) + u/(-7)?
3, 5
Let w be ((-142)/(-4))/((-1)/(-2)). Suppose 5*g = w + 104. List the prime factors of g.
5, 7
Let v = 10 + -34. Let l = v + 48. List the prime factors of l.
2, 3
Let l(x) = -30*x - 33. Let u be l(-11). Suppose 3*d + 6*d = u. What are the prime factors of d?
3, 11
Let c = -1 - -5. Suppose -14 = -c*t + 2. What are the prime factors of t?
2
Let j(m) = m**2 - 6*m + 27. List the prime factors of j(-18).
3, 17
Let d(s) = s**3 + 12*s**2 - 6*s - 26. Let x be d(-12). Let i = -13 + x. List the prime factors of i.
3, 11
Let x = -45 - -43. Let h(f) = 17*f**2 + 1. List the prime factors of h(x).
3, 23
Let g(x) = 7*x**3 + 8*x + 7. Let d(f) = f - 2. Let t be d(-5). Let q(o) = -8*o**3 - 9*o - 8. Let n(h) = t*g(h) - 6*q(h). List the prime factors of n(-2).
11
Let r(w) = w**3 - 5*w**2 + 2*w - 11. Let b be r(5). What are the prime factors of 5 - (-1148)/16 - b/4?
7, 11
Let z(m) be the second derivative of -m**5/120 + 5*m**4/12 + 5*m**3/6 - 4*m. Let j(c) be the second derivative of z(c). What are the prime factors of j(0)?
2, 5
Let n(x) = -14*x - 50. Let l be n(13). List the prime factors of 0 - 1 - (l + 10).
13, 17
Let m(b) = 0*b - 6*b + 10 - 4*b. Let a be m(4). What are the prime factors of 233/6 - 5/a?
3, 13
Suppose -3*n + 12 + 3 = 0. Suppose 93 - 12 = 4*r + n*g, -4*r + g = -75. What are the prime factors of r?
19
Let b(j) = -3*j + 3. Let l be b(3). Let o = 0 - l. List the prime factors of (-7)/42 - (-121)/o.
2, 5
Suppose 5*x - 23613 = 2*p, 4*x - 18887 = 5*p - 0*p. What are the prime factors of x?
4723
Suppose -8 = -4*x + 4. Let z = x - 7. Let i(m) = -2*m + 5. List the prime factors of i(z).
13
Suppose 4*b = 21 - 1. Let p = 382 - -113. Suppose 130 - p = -b*k. What are the prime factors of k?
73
Let o(j) = 6*j**2 - 17*j + 9. List the prime factors of o(7).
2, 23
Let y be ((-41)/(-3) + -1)*(-27)/(-18). Let u = -6 + y. List the prime factors of u.
13
Suppose -g = -2*y - 933, -y - 3*g = -2*g + 462. Let s = y + 652. Suppose 5*k - 3*l - s = 0, -37 = 5*k - 4*l - 223. What are the prime factors of k?
2, 19
Let p = -75 + 83. Suppose -6*y + p*y = 286. List the prime factors of y.
11, 13
Let w(r) = r**2 + 15*r + 3. Let o be w(-15). Suppose f = o*f + 10. Let u(p) = p**2 - 4*p - 4. List the prime factors of u(f).
41
Suppose 5*j - 10*f - 550 = -5*f, 4*j = 3*f + 443. What are the prime factors of j?
113
Let c be -12*(4 + 18/(-4)). Suppose 4*b + 322 = c*b. List the prime factors of b.
7, 23
Let s be ((-12)/(-10) + 1/(-5))*82. List the prime factors of (-8 - s)*(-2)/4.
3, 5
Let b(t) = 5*t**2 - 5*t**2 + 11*t**3 + 2*t**2 - 1 + 0*t**2. Let g be -3 + 2 + 2*1. List the prime factors of b(g).
2, 3
Suppose -6*v = -4*v + 10. What are the prime factors of (-1)/(-1) + v + 2 + 88?
2, 43
Suppose 65*y - 25 = 60*y. Suppose -2*v + 68 = 5*o, -v + y*o = 10 - 74. What are the prime factors of v?
2, 11
Suppose -5*v + 3*p + 14428 = 0, p + 8651 = 3*v + 5*p. What are the prime factors of v?
5, 577
Let f(l) = -l**3 + 2 - 5 - l**2 + 2*l + 4. Let t be f(2). Let m = t - -19. List the prime factors of m.
2, 3
Let a(v) = 2*v**3 + 62*v**2 - 51*v - 59. What are the prime factors of a(-30)?
3271
Let w be 4/1*(-23)/(-4). Let s = -267 + 284. Suppose 3*g - s = -o, -w = o - 2*o + 3*g. What are the prime factors of o?
2, 5
What are the prime factors of (-16 + 3)*(-121 + 0)?
11, 13
Let l(w) = w**2 - 7*w + 106. List the prime factors of l(16).
2, 5
Suppose 12 = 2*h - 6*h. List the prime factors of (-2)/h - 2394/(-54).
3, 5
Let o be 3*1/4 + (-1316)/(-16). Suppose -4*b + o = 5*f, b - 4*f + 3*f - 32 = 0. List the prime factors of b.
3
Let a be 55 - (-2 + -1 - -3). Let r = a + 8. List the prime factors of r.
3, 7
Let l = -1449 + 2441. List the prime factors of l.
2, 31
Let c(j) = -3*j**3 + 2*j**2 + j - 1. Let o be c(-1). Suppose 3*a = 12 - 135. List the prime factors of (o + a + 1)*-1.
37
Suppose -3*d + 15 + 24 = 0. Let g = 23 + 20. Suppose -5*z = k - 14, -d = -4*k + z + g. What are the prime factors of k?
2, 7
Suppose 4*l - 3*l - 1722 = 3*w, -5*l + 3*w = -8586. What are the prime factors of l?
2, 3, 11, 13
Let k(a) = a**2 + a. Let y(j) = 5*j**2 + 2*j + 7. Let t(w) = -4*k(w) + y(w). What are the prime factors of t(9)?
2, 5, 7
Let l = 87 + 35. Let r be 0*(7/(-7))/1. Suppose r = 6*i - l - 304. List the prime factors of i.
71
Suppose 5*w = 33 + 22. Let o = w + -16. Let n = o + 20. List the prime factors of n.
3, 5
Suppose c + 3*c = -36. Let d = 11 + c. Suppose -3*n - 20 = -g, d*n + 40 = 4*g - 2*g. What are the prime factors of g?
2, 5
Let y = 287 - 156. Let w = y - 68. What are the prime factors of w?
3, 7
Let w(q) = 169*q**3 + q**2 - 1. Let r be w(-1). Let x = r - -295. List the prime factors of x.
2, 3, 7
Let j = 39 + -3. Suppose 0 = 37*w - j*w - 93. What are the prime factors of w?
3, 31
Let v(n) = 29*n + 40. Let a be v(-22). What are the prime factors of a/(-22) + 2/(-11)?
3
Let o = 1417 - 728. What are the prime factors of o?
13, 53
Let p(m) be the second derivative of m**3/3 + 10*m**2 - 6*m. Let g be p(-7). What are the prime factors of (1/2)/(g/396)?
3, 11
Let y = -31 - -32. Let d(g) = -g + 1. Let x(b) = 4*b - 2. Let s(z) = y*d(z) - x(z). List the prime factors of s(-12).
3, 7
Let r(h) = -54*h + 2. Let g be r(-7). Let w = -226 + g. List the prime factors of w.
2, 7, 11
Let g = 23 - 21. Suppose -5 = -b - j, g*b - 7*j + 2*j = 24. List the prime factors of b.
7
Suppose -534 = -238*i + 236*i. List the prime factors of i.
3, 89
Suppose -5*j = -0*j + 20. Let p be 26/8 - 3/j. Let c(n) = n**3 - 3*n**2 + n + 5. List the prime factors of c(p).
5
Suppose -3*b = -171 + 159. Suppose 0 = -b*g - 5*l + 624, 0*g - 4*l = -g + 177. What are the prime factors of g?
7, 23
Suppose -2*h - 3*k + 236 = 0, 5*h - 236 = 3*h + 3*k. Let n = -72 + h. List the prime factors of n.
2, 23
Let n be ((-10)/(-3))/(10/60). Let j be (-16)/(-3)*(-30)/n. Let i(c) = c**3 + 10*c**2 + 9*c - 10. List the prime factors of i(j).
2, 23
Suppose -l + 2*l + 4 = -2*p, -3*p + 16 = -4*l. List the prime factors of 70/l*(-1 - (4 - -5)).
5, 7
Suppose -185490 = -82*l - 8*l. List the prime factors of l.
3, 229
Let g(k) be the first derivative of -k**5/60 + 7*k**4/12 + k**3 + 1. Let l(c) be the third derivative of g(c). What are the prime factors of l(-8)?
2, 3, 5
Suppose -9 = -3*f + 3. Let a be 103*(-5 - -4 - f). What are the prime factors of a/(-10) + (-2)/4?
3, 17
Let b(j) be the first derivative of -j**3/3 - 5*j**2 + 31*j + 51. What are the prime factors of b(-10)?
31
Suppose -j + 48 = 5*x - 1409, -5*j + 277 = x. What are the prime factors of x?
2, 73
Let d = 1358 + -320. List the prime factors of d.
2, 3, 173
Suppose -6653 = -8*q - 2141. What are the prime factors of q?
2, 3, 47
Let m = -18 - -19. Let y = 4 + m. Suppose 0*o + 65 = 2*o - y*n, -2*n = -3*o + 92. List the prime factors of o.
2, 3, 5
Let p(x) = -2*x - 15. Let r be p(-9). Suppose r = 5*d - 4*d. Suppose -d*s = -7*s + 172. What are the prime factors of s?
43
Let j = 196 + -73. Let d be 2*(-5 - (-6